{"id":1641,"date":"2018-08-30T11:48:05","date_gmt":"2018-08-30T14:48:05","guid":{"rendered":"https:\/\/iscastagnino-cba.infd.edu.ar\/sitio\/documentos\/"},"modified":"2026-04-07T20:11:06","modified_gmt":"2026-04-07T23:11:06","slug":"documentos","status":"publish","type":"page","link":"https:\/\/iscastagnino-cba.infd.edu.ar\/sitio\/documentos\/","title":{"rendered":"Documentos"},"content":{"rendered":"\n<h2 class=\"wp-block-heading\"><a href=\"https:\/\/drive.google.com\/file\/d\/1eEPm9E1aMh62mlC0Iv7jX2Ym1ichGS-B\/view?usp=sharing\" data-type=\"URL\" data-id=\"https:\/\/drive.google.com\/file\/d\/1eEPm9E1aMh62mlC0Iv7jX2Ym1ichGS-B\/view?usp=sharing\">&#8211; CAPACIDADES DE LA ESCUELA T\u00c9CNICA<\/a><\/h2>\n\n\n\n<p><\/p>\n\n\n\n<h2 class=\"wp-block-heading\"><a href=\"https:\/\/drive.google.com\/file\/d\/1Ac6hLqcyJmShHi6h9EsSEFGojxdPWv-X\/view?usp=sharing\" data-type=\"URL\" data-id=\"https:\/\/drive.google.com\/file\/d\/1Ac6hLqcyJmShHi6h9EsSEFGojxdPWv-X\/view?usp=sharing\">&#8211; ESCUELA POSIBLE: CAPACIDADES FUNDAMENTALES <\/a><\/h2>\n\n\n\n<p><\/p>\n\n\n\n<h2 class=\"wp-block-heading\"><a href=\"https:\/\/drive.google.com\/file\/d\/1RmjBI1K5MfWXeGMU7gElHnujvPopHBqt\/view?usp=drive_link\" data-type=\"URL\" data-id=\"https:\/\/drive.google.com\/file\/d\/1RmjBI1K5MfWXeGMU7gElHnujvPopHBqt\/view?usp=drive_link\">&#8211; RESOLUCI\u00d3N DEL CONSEJO FEDERAL DE EDUCACI\u00d3N 337\/2018<\/a><\/h2>\n\n\n\n<p><\/p>\n\n\n\n<h2 class=\"wp-block-heading\"><a href=\"https:\/\/drive.google.com\/file\/d\/1P5oYJQslZanDaTlbmyKlNQx2uVpijLvT\/view?usp=sharing\" data-type=\"URL\" data-id=\"https:\/\/drive.google.com\/file\/d\/1P5oYJQslZanDaTlbmyKlNQx2uVpijLvT\/view?usp=sharing\">&#8211; ACUERDOS INSTITUCIONALES DE CONVIVENCIA<\/a><\/h2>\n\n\n\n<p><\/p>\n\n\n\n<h2 class=\"wp-block-heading\"><a href=\"https:\/\/drive.google.com\/file\/d\/13W76fzCUquiIJqdv87dP8svhtGWvy3IG\/view?usp=sharing\" data-type=\"URL\" data-id=\"https:\/\/drive.google.com\/file\/d\/13W76fzCUquiIJqdv87dP8svhtGWvy3IG\/view?usp=sharing\">&#8211; REGLAMENTO ORG\u00c1NICO MARCO &#8211; Res&nbsp;Min&nbsp;N\u00ba&nbsp;750\/11<\/a><\/h2>\n\n\n\n<p><\/p>\n\n\n\n<h2 class=\"wp-block-heading\"><a href=\"https:\/\/drive.google.com\/file\/d\/1jE1H3RcVLIjtSun9Kx6BKZ-b9Z3XE31l\/view?usp=sharing\" data-type=\"URL\" data-id=\"https:\/\/drive.google.com\/file\/d\/1jE1H3RcVLIjtSun9Kx6BKZ-b9Z3XE31l\/view?usp=sharing\">&#8211; Resoluci\u00f3n Ministerial N\u00ba 298\/25 R\u00e9gimen Acad\u00e9mico Marco para la Educaci\u00f3n Superior<\/a><\/h2>\n\n\n\n<p><\/p>\n\n\n\n<h2 class=\"wp-block-heading\"><a href=\"https:\/\/drive.google.com\/file\/d\/1adcBdgYGEhaF2q7sm0Fj_Aktkxd1Y9h5\/view?usp=sharing\" data-type=\"URL\" data-id=\"https:\/\/drive.google.com\/file\/d\/1adcBdgYGEhaF2q7sm0Fj_Aktkxd1Y9h5\/view?usp=sharing\">&#8211; PROYECTO MODALIDAD COMBINADA IES Castagnino 2025<\/a><\/h2>\n\n\n\n<p><\/p>\n\n\n\n<h2 class=\"wp-block-heading\"><a href=\"https:\/\/drive.google.com\/file\/d\/1LYDw3iufkHnkZeTbVwLCvUEBuo-3CYqM\/view?usp=sharing\" data-type=\"URL\" data-id=\"https:\/\/drive.google.com\/file\/d\/1LYDw3iufkHnkZeTbVwLCvUEBuo-3CYqM\/view?usp=sharing\">&#8211; SUPERIOR &#8211; RES.S.E. 82-2025<\/a><\/h2>\n\n\n\n<p><\/p>\n\n\n\n<h2 class=\"wp-block-heading\"><a href=\"https:\/\/drive.google.com\/file\/d\/1sEweNcp_0yfhraMmByrpnqd7LlRNoRDt\/view?usp=sharing\" data-type=\"URL\" data-id=\"https:\/\/drive.google.com\/file\/d\/1sEweNcp_0yfhraMmByrpnqd7LlRNoRDt\/view?usp=sharing\">&#8211; SUPERIOR T\u00c9CNICA &#8211; RES. S.E. 83-2025<\/a><\/h2>\n","protected":false},"excerpt":{"rendered":"<p>&#8211; CAPACIDADES DE LA ESCUELA T\u00c9CNICA &#8211; ESCUELA POSIBLE: CAPACIDADES FUNDAMENTALES &#8211; RESOLUCI\u00d3N DEL CONSEJO FEDERAL DE EDUCACI\u00d3N 337\/2018 &#8211; ACUERDOS INSTITUCIONALES DE CONVIVENCIA &#8211; REGLAMENTO ORG\u00c1NICO MARCO &#8211; Res&nbsp;Min&nbsp;N\u00ba&nbsp;750\/11 &#8211; Resoluci\u00f3n Ministerial N\u00ba 298\/25 R\u00e9gimen Acad\u00e9mico Marco para la Educaci\u00f3n Superior &#8211; PROYECTO MODALIDAD COMBINADA IES Castagnino 2025 &#8211; SUPERIOR &#8211; RES.S.E. 82-2025 &#8211; &#8230; <a title=\"Documentos\" class=\"read-more\" href=\"https:\/\/iscastagnino-cba.infd.edu.ar\/sitio\/documentos\/\" aria-label=\"More on Documentos\">[+]<\/a><\/p>\n","protected":false},"author":193,"featured_media":0,"parent":0,"menu_order":0,"comment_status":"closed","ping_status":"closed","template":"","meta":[],"acf":[],"_links":{"self":[{"href":"https:\/\/iscastagnino-cba.infd.edu.ar\/sitio\/wp-json\/wp\/v2\/pages\/1641"}],"collection":[{"href":"https:\/\/iscastagnino-cba.infd.edu.ar\/sitio\/wp-json\/wp\/v2\/pages"}],"about":[{"href":"https:\/\/iscastagnino-cba.infd.edu.ar\/sitio\/wp-json\/wp\/v2\/types\/page"}],"author":[{"embeddable":true,"href":"https:\/\/iscastagnino-cba.infd.edu.ar\/sitio\/wp-json\/wp\/v2\/users\/193"}],"replies":[{"embeddable":true,"href":"https:\/\/iscastagnino-cba.infd.edu.ar\/sitio\/wp-json\/wp\/v2\/comments?post=1641"}],"version-history":[{"count":15,"href":"https:\/\/iscastagnino-cba.infd.edu.ar\/sitio\/wp-json\/wp\/v2\/pages\/1641\/revisions"}],"predecessor-version":[{"id":2419,"href":"https:\/\/iscastagnino-cba.infd.edu.ar\/sitio\/wp-json\/wp\/v2\/pages\/1641\/revisions\/2419"}],"wp:attachment":[{"href":"https:\/\/iscastagnino-cba.infd.edu.ar\/sitio\/wp-json\/wp\/v2\/media?parent=1641"}],"curies":[{"name":"wp","href":"https:\/\/api.w.org\/{rel}","templated":true}]}}